{"id":614,"date":"2019-05-15T16:35:27","date_gmt":"2019-05-15T16:35:27","guid":{"rendered":"http:\/\/www.campingmontdesbruyeres.com\/camping\/?page_id=614"},"modified":"2024-12-18T18:36:53","modified_gmt":"2024-12-18T18:36:53","slug":"tarif-location-1-chambre","status":"publish","type":"page","link":"https:\/\/www.campingmontdesbruyeres.com\/?page_id=614","title":{"rendered":"Tarif location 1 chambre"},"content":{"rendered":"\n<figure class=\"wp-block-image\"><img decoding=\"async\" loading=\"lazy\" width=\"1024\" height=\"178\" src=\"https:\/\/www.campingmontdesbruyeres.com\/camping\/wp-content\/uploads\/2018\/07\/wp-logo-1024x178.png\" alt=\"\" class=\"wp-image-84\"\/><\/figure>\n\n\n\n<h4 class=\"wp-block-heading has-text-align-center\">LOCATION DU SAMEDI 16 H AU SAMEDI 11H<\/h4>\n\n\n\n<p class=\"has-drop-cap has-very-dark-gray-color has-text-color\"><strong>M<strong>obil Homes&nbsp;:<\/strong> <strong>mobil homes 1 chambre, salle de bain avec douche et WC, enti\u00e8rement \u00e9quip\u00e9 en vaisselle, TV, mini four, micro onde, cafeti\u00e8re \u00e9lectrique, barbecue, couette, oreillers, plaid, parure de draps fournis, s\u00e9choir \u00e0 linge, salon de jardin.<\/strong><\/strong><\/p>\n\n\n\n<figure class=\"wp-block-table aligncenter is-style-stripes\"><table class=\"has-fixed-layout\"><tbody><tr><td>  Forfait 1 ou 2 personnes <\/td><td> <strong>Prix \u00e0 la semaine charges comprises <\/strong> <br> (eau, \u00e9lectricit\u00e9 16A, gaz) <\/td><\/tr><tr><td>  Basse saison <\/td><td>  <strong>280,00\u20ac<\/strong> <\/td><\/tr><tr><td> Haute saison** <\/td><td> <strong>350,00\u20ac<\/strong> <\/td><\/tr><tr><td>Prix curistes 3 semaines Basse saison <\/td><td><strong>750,00\u20ac<\/strong> <\/td><\/tr><tr><td>Prix curistes 3 semaines Haute saison** <\/td><td><strong>850,00\u20ac<\/strong> <\/td><\/tr><\/tbody><\/table><\/figure>\n\n\n\n<p><\/p>\n\n\n\n<p class=\"has-small-font-size\"><strong>* Hors Taxe de s\u00e9jour&nbsp;: 0,31\u20ac par jour et par personne.<\/strong><\/p>\n\n\n\n<p class=\"has-drop-cap has-small-font-size\">**  Haute saison du 1<sup>er<\/sup> juillet au 31 ao\u00fbt.<\/p>\n\n\n\n<p><\/p>\n","protected":false},"excerpt":{"rendered":"<p>LOCATION DU SAMEDI 16 H AU SAMEDI 11H Mobil Homes&nbsp;: mobil homes 1 chambre, salle de bain avec douche et WC, enti\u00e8rement \u00e9quip\u00e9 en vaisselle, TV, mini four, micro onde, cafeti\u00e8re \u00e9lectrique, barbecue, couette, oreillers, plaid, parure de draps fournis, s\u00e9choir \u00e0 linge, salon de jardin. Forfait 1 ou 2 personnes Prix \u00e0 la semaine [&hellip;]<\/p>\n","protected":false},"author":2,"featured_media":0,"parent":777,"menu_order":0,"comment_status":"closed","ping_status":"closed","template":"","meta":[],"_links":{"self":[{"href":"https:\/\/www.campingmontdesbruyeres.com\/index.php?rest_route=\/wp\/v2\/pages\/614"}],"collection":[{"href":"https:\/\/www.campingmontdesbruyeres.com\/index.php?rest_route=\/wp\/v2\/pages"}],"about":[{"href":"https:\/\/www.campingmontdesbruyeres.com\/index.php?rest_route=\/wp\/v2\/types\/page"}],"author":[{"embeddable":true,"href":"https:\/\/www.campingmontdesbruyeres.com\/index.php?rest_route=\/wp\/v2\/users\/2"}],"replies":[{"embeddable":true,"href":"https:\/\/www.campingmontdesbruyeres.com\/index.php?rest_route=%2Fwp%2Fv2%2Fcomments&post=614"}],"version-history":[{"count":25,"href":"https:\/\/www.campingmontdesbruyeres.com\/index.php?rest_route=\/wp\/v2\/pages\/614\/revisions"}],"predecessor-version":[{"id":1428,"href":"https:\/\/www.campingmontdesbruyeres.com\/index.php?rest_route=\/wp\/v2\/pages\/614\/revisions\/1428"}],"up":[{"embeddable":true,"href":"https:\/\/www.campingmontdesbruyeres.com\/index.php?rest_route=\/wp\/v2\/pages\/777"}],"wp:attachment":[{"href":"https:\/\/www.campingmontdesbruyeres.com\/index.php?rest_route=%2Fwp%2Fv2%2Fmedia&parent=614"}],"curies":[{"name":"wp","href":"https:\/\/api.w.org\/{rel}","templated":true}]}}

<figure class="wp-block-image"><img decoding="async" loading="lazy" width="1024" height="178" src="https://www.campingmontdesbruyeres.com/camping/wp-content/uploads/2018/07/wp-logo-1024x178.png" alt="" class="wp-image-84"/></figure>



<h4 class="wp-block-heading has-text-align-center">LOCATION DU SAMEDI 16 H AU SAMEDI 11H</h4>



<p class="has-drop-cap has-very-dark-gray-color has-text-color"><strong>M<strong>obil Homes&nbsp;:</strong> <strong>mobil homes 1 chambre, salle de bain avec douche et WC, entièrement équipé en vaisselle, TV, mini four, micro onde, cafetière électrique, barbecue, couette, oreillers, plaid, parure de draps fournis, séchoir à linge, salon de jardin.</strong></strong></p>



<figure class="wp-block-table aligncenter is-style-stripes"><table class="has-fixed-layout"><tbody><tr><td>  Forfait 1 ou 2 personnes </td><td> <strong>Prix à la semaine charges comprises </strong> <br> (eau, électricité 16A, gaz) </td></tr><tr><td>  Basse saison </td><td>  <strong>280,00€</strong> </td></tr><tr><td> Haute saison** </td><td> <strong>350,00€</strong> </td></tr><tr><td>Prix curistes 3 semaines Basse saison </td><td><strong>750,00€</strong> </td></tr><tr><td>Prix curistes 3 semaines Haute saison** </td><td><strong>850,00€</strong> </td></tr></tbody></table></figure>



<p></p>



<p class="has-small-font-size"><strong>* Hors Taxe de séjour&nbsp;: 0,31€ par jour et par personne.</strong></p>



<p class="has-drop-cap has-small-font-size">**  Haute saison du 1<sup>er</sup> juillet au 31 août.</p>



<p></p>

<p>LOCATION DU SAMEDI 16 H AU SAMEDI 11H Mobil Homes&nbsp;: mobil homes 1 chambre, salle de bain avec douche et WC, entièrement équipé en vaisselle, TV, mini four, micro onde, cafetière électrique, barbecue, couette, oreillers, plaid, parure de draps fournis, séchoir à linge, salon de jardin. Forfait 1 ou 2 personnes Prix à la semaine [&hellip;]</p>
