{"id":45,"date":"2018-07-19T18:11:27","date_gmt":"2018-07-19T18:11:27","guid":{"rendered":"http:\/\/www.campingmontdesbruyeres.com\/camping\/?page_id=45"},"modified":"2025-02-27T11:16:26","modified_gmt":"2025-02-27T11:16:26","slug":"programme-des-festivites-saison-2018","status":"publish","type":"page","link":"https:\/\/www.campingmontdesbruyeres.com\/?page_id=45","title":{"rendered":"Festivit\u00e9s 2025"},"content":{"rendered":"\n<p class=\"has-text-align-center\"><span style=\"color: #0c23bb;\"><span style=\"font-family: Georgia, serif;\"><span style=\"font-size: xx-large;\"><b>Festivit\u00e9s 2025<\/b><\/span><\/span><\/span><\/p>\n\n\n<div class=\"wp-block-image\">\n<figure class=\"aligncenter size-full\"><img decoding=\"async\" loading=\"lazy\" width=\"1024\" height=\"178\" src=\"https:\/\/www.campingmontdesbruyeres.com\/camping\/wp-content\/uploads\/wp-logo-1024x178-1.png\" alt=\"\" class=\"wp-image-1067\" srcset=\"https:\/\/www.campingmontdesbruyeres.com\/camping\/wp-content\/uploads\/wp-logo-1024x178-1.png 1024w, https:\/\/www.campingmontdesbruyeres.com\/camping\/wp-content\/uploads\/wp-logo-1024x178-1-300x52.png 300w, https:\/\/www.campingmontdesbruyeres.com\/camping\/wp-content\/uploads\/wp-logo-1024x178-1-768x134.png 768w\" sizes=\"(max-width: 1024px) 100vw, 1024px\" \/><\/figure><\/div>\n\n\n<p class=\"has-vivid-red-color has-text-color has-medium-font-size\"><\/p>\n\n\n\n<p><\/p>\n\n\n\n<p class=\"has-vivid-red-color has-text-color\">Samedi 29 mars&nbsp;: Pot au feu, soir\u00e9e dansante<\/p>\n\n\n\n<p class=\"has-cyan-bluish-gray-color has-text-color\">Samedi 12 avril&nbsp;: Sp\u00e9ciale Paris\/Roubaix, soir\u00e9e pasta&nbsp;<\/p>\n\n\n\n<p class=\"has-luminous-vivid-orange-color has-text-color\">Mercredi 30 avril&nbsp;: Soir\u00e9e plancha terre &amp; mer<\/p>\n\n\n\n<p class=\"has-luminous-vivid-amber-color has-text-color\">Jeudi 8 mai&nbsp;: Carbonnade flamande le midi, quiz ch\u2019ti l\u2019apr\u00e8s midi<\/p>\n\n\n\n<p>Jeudi 29 mai : Loto l\u2019apr\u00e8s-midi<\/p>\n\n\n\n<p class=\"has-light-green-cyan-color has-text-color\">Samedi 7 juin&nbsp;: Barbecue g\u00e9ant, soir\u00e9e d\u00e9guis\u00e9e<\/p>\n\n\n\n<p class=\"has-pale-cyan-blue-color has-text-color\">Lundi 9 juin : Concours de p\u00e9tanque<\/p>\n\n\n\n<p class=\"has-vivid-purple-color has-text-color\">Samedi 28 juin&nbsp;: Soir\u00e9e country, repas texan<\/p>\n\n\n\n<p class=\"has-vivid-green-cyan-color has-text-color\">Dimanche 13 juillet : Cochon grill\u00e9, soir\u00e9e dansante et feux d\u2019artifices<\/p>\n\n\n\n<p class=\"has-luminous-vivid-amber-color has-text-color\">Samedi 26 juillet&nbsp;: Chasse aux tr\u00e9sors du MDB l\u2019apr\u00e8s-midi<\/p>\n\n\n\n<p class=\"has-pale-pink-color has-text-color\">Vendredi 15 ao\u00fbt : M\u00e9choui le midi et th\u00e9 dansant<\/p>\n\n\n\n<p class=\"has-luminous-vivid-orange-color has-text-color\">Samedi 23 ao\u00fbt : Loto l\u2019apr\u00e8s-midi<\/p>\n\n\n\n<p class=\"has-vivid-green-cyan-color has-text-color\">Samedi 6 septembre&nbsp;: Sp\u00e9cial \u00ab&nbsp;braderie&nbsp;\u00bb moules frites, soir\u00e9e dansante<\/p>\n\n\n\n<p class=\"has-pale-cyan-blue-color has-text-color\">Samedi 20 septembre : Sortie mycologique l\u2019apr\u00e8s-midi, soir\u00e9e dansante + repas forestier<\/p>\n\n\n\n<p class=\"has-vivid-purple-color has-text-color\">Samedi 4 octobre&nbsp;: Soir\u00e9e \u00ab&nbsp;quiz&nbsp;\u00bb buffet campagnard<\/p>\n\n\n\n<p class=\"has-luminous-vivid-amber-color has-text-color\">Samedi 18 octobre&nbsp;: Concours de belote l\u2019apr\u00e8s-midi<\/p>\n\n\n\n<p class=\"has-vivid-red-color has-text-color\">Samedi 1<sup>er<\/sup> novembre&nbsp;: Repas de cl\u00f4ture \u00ab&nbsp;fid\u00e9lit\u00e9&nbsp;\u00bb le midi (*) (**)<\/p>\n\n\n\n<p class=\"has-text-align-center\">Fermeture du camping&nbsp;<\/p>\n\n\n\n<p class=\"has-text-align-center\">Le dimanche 2 novembre 2025 \u00e0 16h<\/p>\n\n\n\n<p class=\"has-text-align-center\">(*) Priorit\u00e9 aux campeurs<\/p>\n\n\n\n<p class=\"has-text-align-center\">(**) Fid\u00e9lit\u00e9 = participation \u00e0 au moins 5 repas durant la saison<\/p>\n","protected":false},"excerpt":{"rendered":"<p>Festivit\u00e9s 2025 Samedi 29 mars&nbsp;: Pot au feu, soir\u00e9e dansante Samedi 12 avril&nbsp;: Sp\u00e9ciale Paris\/Roubaix, soir\u00e9e pasta&nbsp; Mercredi 30 avril&nbsp;: Soir\u00e9e plancha terre &amp; mer Jeudi 8 mai&nbsp;: Carbonnade flamande le midi, quiz ch\u2019ti l\u2019apr\u00e8s midi Jeudi 29 mai : Loto l\u2019apr\u00e8s-midi Samedi 7 juin&nbsp;: Barbecue g\u00e9ant, soir\u00e9e d\u00e9guis\u00e9e Lundi 9 juin : Concours de [&hellip;]<\/p>\n","protected":false},"author":2,"featured_media":0,"parent":0,"menu_order":0,"comment_status":"closed","ping_status":"closed","template":"","meta":[],"_links":{"self":[{"href":"https:\/\/www.campingmontdesbruyeres.com\/index.php?rest_route=\/wp\/v2\/pages\/45"}],"collection":[{"href":"https:\/\/www.campingmontdesbruyeres.com\/index.php?rest_route=\/wp\/v2\/pages"}],"about":[{"href":"https:\/\/www.campingmontdesbruyeres.com\/index.php?rest_route=\/wp\/v2\/types\/page"}],"author":[{"embeddable":true,"href":"https:\/\/www.campingmontdesbruyeres.com\/index.php?rest_route=\/wp\/v2\/users\/2"}],"replies":[{"embeddable":true,"href":"https:\/\/www.campingmontdesbruyeres.com\/index.php?rest_route=%2Fwp%2Fv2%2Fcomments&post=45"}],"version-history":[{"count":68,"href":"https:\/\/www.campingmontdesbruyeres.com\/index.php?rest_route=\/wp\/v2\/pages\/45\/revisions"}],"predecessor-version":[{"id":1463,"href":"https:\/\/www.campingmontdesbruyeres.com\/index.php?rest_route=\/wp\/v2\/pages\/45\/revisions\/1463"}],"wp:attachment":[{"href":"https:\/\/www.campingmontdesbruyeres.com\/index.php?rest_route=%2Fwp%2Fv2%2Fmedia&parent=45"}],"curies":[{"name":"wp","href":"https:\/\/api.w.org\/{rel}","templated":true}]}}

Festivités 2025

<p class="has-text-align-center"><span style="color: #0c23bb;"><span style="font-family: Georgia, serif;"><span style="font-size: xx-large;"><b>Festivités 2025</b></span></span></span></p>


<div class="wp-block-image">
<figure class="aligncenter size-full"><img decoding="async" loading="lazy" width="1024" height="178" src="https://www.campingmontdesbruyeres.com/camping/wp-content/uploads/wp-logo-1024x178-1.png" alt="" class="wp-image-1067" srcset="https://www.campingmontdesbruyeres.com/camping/wp-content/uploads/wp-logo-1024x178-1.png 1024w, https://www.campingmontdesbruyeres.com/camping/wp-content/uploads/wp-logo-1024x178-1-300x52.png 300w, https://www.campingmontdesbruyeres.com/camping/wp-content/uploads/wp-logo-1024x178-1-768x134.png 768w" sizes="(max-width: 1024px) 100vw, 1024px" /></figure></div>


<p class="has-vivid-red-color has-text-color has-medium-font-size"></p>



<p></p>



<p class="has-vivid-red-color has-text-color">Samedi 29 mars&nbsp;: Pot au feu, soirée dansante</p>



<p class="has-cyan-bluish-gray-color has-text-color">Samedi 12 avril&nbsp;: Spéciale Paris/Roubaix, soirée pasta&nbsp;</p>



<p class="has-luminous-vivid-orange-color has-text-color">Mercredi 30 avril&nbsp;: Soirée plancha terre &amp; mer</p>



<p class="has-luminous-vivid-amber-color has-text-color">Jeudi 8 mai&nbsp;: Carbonnade flamande le midi, quiz ch’ti l’après midi</p>



<p>Jeudi 29 mai : Loto l’après-midi</p>



<p class="has-light-green-cyan-color has-text-color">Samedi 7 juin&nbsp;: Barbecue géant, soirée déguisée</p>



<p class="has-pale-cyan-blue-color has-text-color">Lundi 9 juin : Concours de pétanque</p>



<p class="has-vivid-purple-color has-text-color">Samedi 28 juin&nbsp;: Soirée country, repas texan</p>



<p class="has-vivid-green-cyan-color has-text-color">Dimanche 13 juillet : Cochon grillé, soirée dansante et feux d’artifices</p>



<p class="has-luminous-vivid-amber-color has-text-color">Samedi 26 juillet&nbsp;: Chasse aux trésors du MDB l’après-midi</p>



<p class="has-pale-pink-color has-text-color">Vendredi 15 août : Méchoui le midi et thé dansant</p>



<p class="has-luminous-vivid-orange-color has-text-color">Samedi 23 août : Loto l’après-midi</p>



<p class="has-vivid-green-cyan-color has-text-color">Samedi 6 septembre&nbsp;: Spécial «&nbsp;braderie&nbsp;» moules frites, soirée dansante</p>



<p class="has-pale-cyan-blue-color has-text-color">Samedi 20 septembre : Sortie mycologique l’après-midi, soirée dansante + repas forestier</p>



<p class="has-vivid-purple-color has-text-color">Samedi 4 octobre&nbsp;: Soirée «&nbsp;quiz&nbsp;» buffet campagnard</p>



<p class="has-luminous-vivid-amber-color has-text-color">Samedi 18 octobre&nbsp;: Concours de belote l’après-midi</p>



<p class="has-vivid-red-color has-text-color">Samedi 1<sup>er</sup> novembre&nbsp;: Repas de clôture «&nbsp;fidélité&nbsp;» le midi (*) (**)</p>



<p class="has-text-align-center">Fermeture du camping&nbsp;</p>



<p class="has-text-align-center">Le dimanche 2 novembre 2025 à 16h</p>



<p class="has-text-align-center">(*) Priorité aux campeurs</p>



<p class="has-text-align-center">(**) Fidélité = participation à au moins 5 repas durant la saison</p>

<p>Festivités 2025 Samedi 29 mars&nbsp;: Pot au feu, soirée dansante Samedi 12 avril&nbsp;: Spéciale Paris/Roubaix, soirée pasta&nbsp; Mercredi 30 avril&nbsp;: Soirée plancha terre &amp; mer Jeudi 8 mai&nbsp;: Carbonnade flamande le midi, quiz ch’ti l’après midi Jeudi 29 mai : Loto l’après-midi Samedi 7 juin&nbsp;: Barbecue géant, soirée déguisée Lundi 9 juin : Concours de [&hellip;]</p>
