{"id":1079,"date":"2021-03-29T07:13:46","date_gmt":"2021-03-29T07:13:46","guid":{"rendered":"https:\/\/www.campingmontdesbruyeres.com\/?page_id=1079"},"modified":"2022-11-30T14:58:35","modified_gmt":"2022-11-30T14:58:35","slug":"1079-2","status":"publish","type":"page","link":"https:\/\/www.campingmontdesbruyeres.com\/?page_id=1079","title":{"rendered":"Pour les campeurs"},"content":{"rendered":"\n<figure class=\"wp-block-image size-large\"><img decoding=\"async\" loading=\"lazy\" width=\"1024\" height=\"178\" src=\"https:\/\/www.campingmontdesbruyeres.com\/camping\/wp-content\/uploads\/wp-logo-1024x178-1.png\" alt=\"\" class=\"wp-image-1067\" srcset=\"https:\/\/www.campingmontdesbruyeres.com\/camping\/wp-content\/uploads\/wp-logo-1024x178-1.png 1024w, https:\/\/www.campingmontdesbruyeres.com\/camping\/wp-content\/uploads\/wp-logo-1024x178-1-300x52.png 300w, https:\/\/www.campingmontdesbruyeres.com\/camping\/wp-content\/uploads\/wp-logo-1024x178-1-768x134.png 768w\" sizes=\"(max-width: 1024px) 100vw, 1024px\" \/><\/figure>\n\n\n\n<p class=\"has-text-align-center has-black-color has-text-color\">La salle campeurs pour tous, qui permet de ce r\u00e9unir, pour c\u00e9l\u00e9brer un \u00e9v\u00e9nement ou faire des activit\u00e9s, c&rsquo;est \u00e9galement un espace de Wi-Fi gratuit, <\/p>\n\n\n\n<p class=\"has-text-align-center has-black-color has-text-color\">mais \u00e9galement un endroit o\u00f9 se mettre \u00e0 l&rsquo;abri en cas de forte pluie.<br>Table de ping-pong \u00e0 disposition<\/p>\n\n\n\n<figure class=\"wp-block-gallery has-nested-images columns-default is-cropped wp-block-gallery-1 is-layout-flex\">\n<figure class=\"wp-block-image size-large\"><img decoding=\"async\" loading=\"lazy\" width=\"1024\" height=\"485\" data-id=\"1080\"  src=\"https:\/\/www.campingmontdesbruyeres.com\/camping\/wp-content\/uploads\/PR-CAMPEURS-1-1024x485.jpg\" alt=\"\" class=\"wp-image-1080\" srcset=\"https:\/\/www.campingmontdesbruyeres.com\/camping\/wp-content\/uploads\/PR-CAMPEURS-1-1024x485.jpg 1024w, https:\/\/www.campingmontdesbruyeres.com\/camping\/wp-content\/uploads\/PR-CAMPEURS-1-300x142.jpg 300w, https:\/\/www.campingmontdesbruyeres.com\/camping\/wp-content\/uploads\/PR-CAMPEURS-1-768x364.jpg 768w, https:\/\/www.campingmontdesbruyeres.com\/camping\/wp-content\/uploads\/PR-CAMPEURS-1.jpg 1072w\" sizes=\"(max-width: 1024px) 100vw, 1024px\" \/><\/figure>\n\n\n\n<figure class=\"wp-block-image size-large\"><img decoding=\"async\" loading=\"lazy\" width=\"1024\" height=\"759\" data-id=\"1081\"  src=\"https:\/\/www.campingmontdesbruyeres.com\/camping\/wp-content\/uploads\/PR-CAMPEURS-2-1024x759.jpg\" alt=\"\" class=\"wp-image-1081\" srcset=\"https:\/\/www.campingmontdesbruyeres.com\/camping\/wp-content\/uploads\/PR-CAMPEURS-2-1024x759.jpg 1024w, https:\/\/www.campingmontdesbruyeres.com\/camping\/wp-content\/uploads\/PR-CAMPEURS-2-300x222.jpg 300w, https:\/\/www.campingmontdesbruyeres.com\/camping\/wp-content\/uploads\/PR-CAMPEURS-2-768x569.jpg 768w, https:\/\/www.campingmontdesbruyeres.com\/camping\/wp-content\/uploads\/PR-CAMPEURS-2.jpg 1077w\" sizes=\"(max-width: 1024px) 100vw, 1024px\" \/><\/figure>\n\n\n\n<figure class=\"wp-block-image size-large\"><img decoding=\"async\" loading=\"lazy\" width=\"1024\" height=\"500\" data-id=\"1082\"  src=\"https:\/\/www.campingmontdesbruyeres.com\/camping\/wp-content\/uploads\/PR-CAMPEURS-3-1024x500.jpg\" alt=\"\" class=\"wp-image-1082\" srcset=\"https:\/\/www.campingmontdesbruyeres.com\/camping\/wp-content\/uploads\/PR-CAMPEURS-3-1024x500.jpg 1024w, https:\/\/www.campingmontdesbruyeres.com\/camping\/wp-content\/uploads\/PR-CAMPEURS-3-300x146.jpg 300w, https:\/\/www.campingmontdesbruyeres.com\/camping\/wp-content\/uploads\/PR-CAMPEURS-3-768x375.jpg 768w, https:\/\/www.campingmontdesbruyeres.com\/camping\/wp-content\/uploads\/PR-CAMPEURS-3.jpg 1080w\" sizes=\"(max-width: 1024px) 100vw, 1024px\" \/><\/figure>\n\n\n\n<figure class=\"wp-block-image size-large\"><img decoding=\"async\" loading=\"lazy\" width=\"966\" height=\"458\" data-id=\"1083\"  src=\"https:\/\/www.campingmontdesbruyeres.com\/camping\/wp-content\/uploads\/PR-CAMPEURS-4.jpg\" alt=\"\" class=\"wp-image-1083\" srcset=\"https:\/\/www.campingmontdesbruyeres.com\/camping\/wp-content\/uploads\/PR-CAMPEURS-4.jpg 966w, https:\/\/www.campingmontdesbruyeres.com\/camping\/wp-content\/uploads\/PR-CAMPEURS-4-300x142.jpg 300w, https:\/\/www.campingmontdesbruyeres.com\/camping\/wp-content\/uploads\/PR-CAMPEURS-4-768x364.jpg 768w\" sizes=\"(max-width: 966px) 100vw, 966px\" \/><\/figure>\n\n\n\n<figure class=\"wp-block-image size-large\"><img decoding=\"async\" loading=\"lazy\" width=\"1024\" height=\"533\" data-id=\"1084\"  src=\"https:\/\/www.campingmontdesbruyeres.com\/camping\/wp-content\/uploads\/PR-CAMPEURS-5-1024x533.jpg\" alt=\"\" class=\"wp-image-1084\" srcset=\"https:\/\/www.campingmontdesbruyeres.com\/camping\/wp-content\/uploads\/PR-CAMPEURS-5-1024x533.jpg 1024w, https:\/\/www.campingmontdesbruyeres.com\/camping\/wp-content\/uploads\/PR-CAMPEURS-5-300x156.jpg 300w, https:\/\/www.campingmontdesbruyeres.com\/camping\/wp-content\/uploads\/PR-CAMPEURS-5-768x400.jpg 768w, https:\/\/www.campingmontdesbruyeres.com\/camping\/wp-content\/uploads\/PR-CAMPEURS-5.jpg 1052w\" sizes=\"(max-width: 1024px) 100vw, 1024px\" \/><\/figure>\n\n\n\n<figure class=\"wp-block-image size-large\"><img decoding=\"async\" loading=\"lazy\" width=\"1024\" height=\"499\" data-id=\"1085\"  src=\"https:\/\/www.campingmontdesbruyeres.com\/camping\/wp-content\/uploads\/PR-CAMPEURS-6-1024x499.jpg\" alt=\"\" class=\"wp-image-1085\" srcset=\"https:\/\/www.campingmontdesbruyeres.com\/camping\/wp-content\/uploads\/PR-CAMPEURS-6-1024x499.jpg 1024w, https:\/\/www.campingmontdesbruyeres.com\/camping\/wp-content\/uploads\/PR-CAMPEURS-6-300x146.jpg 300w, https:\/\/www.campingmontdesbruyeres.com\/camping\/wp-content\/uploads\/PR-CAMPEURS-6-768x374.jpg 768w, https:\/\/www.campingmontdesbruyeres.com\/camping\/wp-content\/uploads\/PR-CAMPEURS-6.jpg 1080w\" sizes=\"(max-width: 1024px) 100vw, 1024px\" \/><\/figure>\n\n\n\n<figure class=\"wp-block-image size-large\"><img decoding=\"async\" loading=\"lazy\" width=\"960\" height=\"720\" data-id=\"1086\"  src=\"https:\/\/www.campingmontdesbruyeres.com\/camping\/wp-content\/uploads\/PR-CAMPEURS-7.jpg\" alt=\"\" class=\"wp-image-1086\" srcset=\"https:\/\/www.campingmontdesbruyeres.com\/camping\/wp-content\/uploads\/PR-CAMPEURS-7.jpg 960w, https:\/\/www.campingmontdesbruyeres.com\/camping\/wp-content\/uploads\/PR-CAMPEURS-7-300x225.jpg 300w, https:\/\/www.campingmontdesbruyeres.com\/camping\/wp-content\/uploads\/PR-CAMPEURS-7-768x576.jpg 768w\" sizes=\"(max-width: 960px) 100vw, 960px\" \/><\/figure>\n\n\n\n<figure class=\"wp-block-image size-large\"><img decoding=\"async\" loading=\"lazy\" width=\"1024\" height=\"512\" data-id=\"1087\"  src=\"https:\/\/www.campingmontdesbruyeres.com\/camping\/wp-content\/uploads\/PR-CAMPEURS-9-1024x512.jpg\" alt=\"\" class=\"wp-image-1087\" srcset=\"https:\/\/www.campingmontdesbruyeres.com\/camping\/wp-content\/uploads\/PR-CAMPEURS-9-1024x512.jpg 1024w, https:\/\/www.campingmontdesbruyeres.com\/camping\/wp-content\/uploads\/PR-CAMPEURS-9-300x150.jpg 300w, https:\/\/www.campingmontdesbruyeres.com\/camping\/wp-content\/uploads\/PR-CAMPEURS-9-768x384.jpg 768w, https:\/\/www.campingmontdesbruyeres.com\/camping\/wp-content\/uploads\/PR-CAMPEURS-9.jpg 1043w\" sizes=\"(max-width: 1024px) 100vw, 1024px\" \/><\/figure>\n\n\n\n<figure class=\"wp-block-image size-large\"><img decoding=\"async\" loading=\"lazy\" width=\"1024\" height=\"499\" data-id=\"1088\"  src=\"https:\/\/www.campingmontdesbruyeres.com\/camping\/wp-content\/uploads\/PR-CAMPEURS-11-1024x499.jpg\" alt=\"\" class=\"wp-image-1088\" srcset=\"https:\/\/www.campingmontdesbruyeres.com\/camping\/wp-content\/uploads\/PR-CAMPEURS-11-1024x499.jpg 1024w, https:\/\/www.campingmontdesbruyeres.com\/camping\/wp-content\/uploads\/PR-CAMPEURS-11-300x146.jpg 300w, https:\/\/www.campingmontdesbruyeres.com\/camping\/wp-content\/uploads\/PR-CAMPEURS-11-768x374.jpg 768w, https:\/\/www.campingmontdesbruyeres.com\/camping\/wp-content\/uploads\/PR-CAMPEURS-11.jpg 1080w\" sizes=\"(max-width: 1024px) 100vw, 1024px\" \/><\/figure>\n\n\n\n<figure class=\"wp-block-image size-large\"><img decoding=\"async\" loading=\"lazy\" width=\"498\" height=\"1024\" data-id=\"1089\"  src=\"https:\/\/www.campingmontdesbruyeres.com\/camping\/wp-content\/uploads\/PR-CAMPEURS-12-498x1024.jpg\" alt=\"\" class=\"wp-image-1089\" srcset=\"https:\/\/www.campingmontdesbruyeres.com\/camping\/wp-content\/uploads\/PR-CAMPEURS-12-498x1024.jpg 498w, https:\/\/www.campingmontdesbruyeres.com\/camping\/wp-content\/uploads\/PR-CAMPEURS-12-146x300.jpg 146w, https:\/\/www.campingmontdesbruyeres.com\/camping\/wp-content\/uploads\/PR-CAMPEURS-12.jpg 640w\" sizes=\"(max-width: 498px) 100vw, 498px\" \/><\/figure>\n\n\n\n<figure class=\"wp-block-image size-large\"><img decoding=\"async\" loading=\"lazy\" width=\"1024\" height=\"500\" data-id=\"1090\"  src=\"https:\/\/www.campingmontdesbruyeres.com\/camping\/wp-content\/uploads\/PR-CAMPEURS-13-1024x500.jpg\" alt=\"\" class=\"wp-image-1090\" srcset=\"https:\/\/www.campingmontdesbruyeres.com\/camping\/wp-content\/uploads\/PR-CAMPEURS-13-1024x500.jpg 1024w, https:\/\/www.campingmontdesbruyeres.com\/camping\/wp-content\/uploads\/PR-CAMPEURS-13-300x146.jpg 300w, https:\/\/www.campingmontdesbruyeres.com\/camping\/wp-content\/uploads\/PR-CAMPEURS-13-768x375.jpg 768w, https:\/\/www.campingmontdesbruyeres.com\/camping\/wp-content\/uploads\/PR-CAMPEURS-13.jpg 1080w\" sizes=\"(max-width: 1024px) 100vw, 1024px\" \/><\/figure>\n\n\n\n<figure class=\"wp-block-image size-large\"><img decoding=\"async\" loading=\"lazy\" width=\"960\" height=\"720\" data-id=\"1091\"  src=\"https:\/\/www.campingmontdesbruyeres.com\/camping\/wp-content\/uploads\/PR-CAMPEURS-14.jpg\" alt=\"\" class=\"wp-image-1091\" srcset=\"https:\/\/www.campingmontdesbruyeres.com\/camping\/wp-content\/uploads\/PR-CAMPEURS-14.jpg 960w, https:\/\/www.campingmontdesbruyeres.com\/camping\/wp-content\/uploads\/PR-CAMPEURS-14-300x225.jpg 300w, https:\/\/www.campingmontdesbruyeres.com\/camping\/wp-content\/uploads\/PR-CAMPEURS-14-768x576.jpg 768w\" sizes=\"(max-width: 960px) 100vw, 960px\" \/><\/figure>\n\n\n\n<figure class=\"wp-block-image size-large\"><img decoding=\"async\" loading=\"lazy\" width=\"1024\" height=\"500\" data-id=\"1092\"  src=\"https:\/\/www.campingmontdesbruyeres.com\/camping\/wp-content\/uploads\/PR-CAMPEURS-15-1024x500.jpg\" alt=\"\" class=\"wp-image-1092\" srcset=\"https:\/\/www.campingmontdesbruyeres.com\/camping\/wp-content\/uploads\/PR-CAMPEURS-15-1024x500.jpg 1024w, https:\/\/www.campingmontdesbruyeres.com\/camping\/wp-content\/uploads\/PR-CAMPEURS-15-300x146.jpg 300w, https:\/\/www.campingmontdesbruyeres.com\/camping\/wp-content\/uploads\/PR-CAMPEURS-15-768x375.jpg 768w, https:\/\/www.campingmontdesbruyeres.com\/camping\/wp-content\/uploads\/PR-CAMPEURS-15.jpg 1080w\" sizes=\"(max-width: 1024px) 100vw, 1024px\" \/><\/figure>\n\n\n\n<figure class=\"wp-block-image size-large\"><img decoding=\"async\" loading=\"lazy\" width=\"1024\" height=\"495\" data-id=\"1093\"  src=\"https:\/\/www.campingmontdesbruyeres.com\/camping\/wp-content\/uploads\/PR-CAMPEURS-16-1024x495.jpg\" alt=\"\" class=\"wp-image-1093\" srcset=\"https:\/\/www.campingmontdesbruyeres.com\/camping\/wp-content\/uploads\/PR-CAMPEURS-16-1024x495.jpg 1024w, https:\/\/www.campingmontdesbruyeres.com\/camping\/wp-content\/uploads\/PR-CAMPEURS-16-300x145.jpg 300w, https:\/\/www.campingmontdesbruyeres.com\/camping\/wp-content\/uploads\/PR-CAMPEURS-16-768x371.jpg 768w, https:\/\/www.campingmontdesbruyeres.com\/camping\/wp-content\/uploads\/PR-CAMPEURS-16.jpg 1080w\" sizes=\"(max-width: 1024px) 100vw, 1024px\" \/><\/figure>\n\n\n\n<figure class=\"wp-block-image size-large\"><img decoding=\"async\" loading=\"lazy\" width=\"1024\" height=\"499\" data-id=\"1094\"  src=\"https:\/\/www.campingmontdesbruyeres.com\/camping\/wp-content\/uploads\/PR-CAMPEURS-17-1024x499.jpg\" alt=\"\" class=\"wp-image-1094\" srcset=\"https:\/\/www.campingmontdesbruyeres.com\/camping\/wp-content\/uploads\/PR-CAMPEURS-17-1024x499.jpg 1024w, https:\/\/www.campingmontdesbruyeres.com\/camping\/wp-content\/uploads\/PR-CAMPEURS-17-300x146.jpg 300w, https:\/\/www.campingmontdesbruyeres.com\/camping\/wp-content\/uploads\/PR-CAMPEURS-17-768x374.jpg 768w, https:\/\/www.campingmontdesbruyeres.com\/camping\/wp-content\/uploads\/PR-CAMPEURS-17.jpg 1080w\" sizes=\"(max-width: 1024px) 100vw, 1024px\" \/><\/figure>\n\n\n\n<figure class=\"wp-block-image size-large\"><img decoding=\"async\" loading=\"lazy\" width=\"769\" height=\"1024\" data-id=\"1095\"  src=\"https:\/\/www.campingmontdesbruyeres.com\/camping\/wp-content\/uploads\/PR-CAMPEURS-18-769x1024.jpg\" alt=\"\" class=\"wp-image-1095\" srcset=\"https:\/\/www.campingmontdesbruyeres.com\/camping\/wp-content\/uploads\/PR-CAMPEURS-18-769x1024.jpg 769w, https:\/\/www.campingmontdesbruyeres.com\/camping\/wp-content\/uploads\/PR-CAMPEURS-18-225x300.jpg 225w, https:\/\/www.campingmontdesbruyeres.com\/camping\/wp-content\/uploads\/PR-CAMPEURS-18-768x1023.jpg 768w, https:\/\/www.campingmontdesbruyeres.com\/camping\/wp-content\/uploads\/PR-CAMPEURS-18.jpg 1071w\" sizes=\"(max-width: 769px) 100vw, 769px\" \/><\/figure>\n\n\n\n<figure class=\"wp-block-image size-large\"><img decoding=\"async\" loading=\"lazy\" width=\"960\" height=\"720\" data-id=\"1096\"  src=\"https:\/\/www.campingmontdesbruyeres.com\/camping\/wp-content\/uploads\/PR-CAMPEURS-19.jpg\" alt=\"\" class=\"wp-image-1096\" srcset=\"https:\/\/www.campingmontdesbruyeres.com\/camping\/wp-content\/uploads\/PR-CAMPEURS-19.jpg 960w, https:\/\/www.campingmontdesbruyeres.com\/camping\/wp-content\/uploads\/PR-CAMPEURS-19-300x225.jpg 300w, https:\/\/www.campingmontdesbruyeres.com\/camping\/wp-content\/uploads\/PR-CAMPEURS-19-768x576.jpg 768w\" sizes=\"(max-width: 960px) 100vw, 960px\" \/><\/figure>\n\n\n\n<figure class=\"wp-block-image size-large\"><img decoding=\"async\" loading=\"lazy\" width=\"960\" height=\"720\" data-id=\"1097\"  src=\"https:\/\/www.campingmontdesbruyeres.com\/camping\/wp-content\/uploads\/PR-CAMPEURS-20.jpg\" alt=\"\" class=\"wp-image-1097\" srcset=\"https:\/\/www.campingmontdesbruyeres.com\/camping\/wp-content\/uploads\/PR-CAMPEURS-20.jpg 960w, https:\/\/www.campingmontdesbruyeres.com\/camping\/wp-content\/uploads\/PR-CAMPEURS-20-300x225.jpg 300w, https:\/\/www.campingmontdesbruyeres.com\/camping\/wp-content\/uploads\/PR-CAMPEURS-20-768x576.jpg 768w\" sizes=\"(max-width: 960px) 100vw, 960px\" \/><\/figure>\n\n\n\n<figure class=\"wp-block-image size-large\"><img decoding=\"async\" loading=\"lazy\" width=\"960\" height=\"720\" data-id=\"1098\"  src=\"https:\/\/www.campingmontdesbruyeres.com\/camping\/wp-content\/uploads\/PR-CAMPEURS-21.jpg\" alt=\"\" class=\"wp-image-1098\" srcset=\"https:\/\/www.campingmontdesbruyeres.com\/camping\/wp-content\/uploads\/PR-CAMPEURS-21.jpg 960w, https:\/\/www.campingmontdesbruyeres.com\/camping\/wp-content\/uploads\/PR-CAMPEURS-21-300x225.jpg 300w, https:\/\/www.campingmontdesbruyeres.com\/camping\/wp-content\/uploads\/PR-CAMPEURS-21-768x576.jpg 768w\" sizes=\"(max-width: 960px) 100vw, 960px\" \/><\/figure>\n\n\n\n<figure class=\"wp-block-image size-large\"><img decoding=\"async\" loading=\"lazy\" width=\"1024\" height=\"499\" data-id=\"1099\"  src=\"https:\/\/www.campingmontdesbruyeres.com\/camping\/wp-content\/uploads\/PR-CAMPEURS-22-1024x499.jpg\" alt=\"\" class=\"wp-image-1099\" srcset=\"https:\/\/www.campingmontdesbruyeres.com\/camping\/wp-content\/uploads\/PR-CAMPEURS-22-1024x499.jpg 1024w, https:\/\/www.campingmontdesbruyeres.com\/camping\/wp-content\/uploads\/PR-CAMPEURS-22-300x146.jpg 300w, https:\/\/www.campingmontdesbruyeres.com\/camping\/wp-content\/uploads\/PR-CAMPEURS-22-768x374.jpg 768w, https:\/\/www.campingmontdesbruyeres.com\/camping\/wp-content\/uploads\/PR-CAMPEURS-22.jpg 1080w\" sizes=\"(max-width: 1024px) 100vw, 1024px\" \/><\/figure>\n\n\n\n<figure class=\"wp-block-image size-large\"><img decoding=\"async\" loading=\"lazy\" width=\"498\" height=\"1024\" data-id=\"1100\"  src=\"https:\/\/www.campingmontdesbruyeres.com\/camping\/wp-content\/uploads\/PR-CAMPEURS-23-498x1024.jpg\" alt=\"\" class=\"wp-image-1100\" srcset=\"https:\/\/www.campingmontdesbruyeres.com\/camping\/wp-content\/uploads\/PR-CAMPEURS-23-498x1024.jpg 498w, https:\/\/www.campingmontdesbruyeres.com\/camping\/wp-content\/uploads\/PR-CAMPEURS-23-146x300.jpg 146w, https:\/\/www.campingmontdesbruyeres.com\/camping\/wp-content\/uploads\/PR-CAMPEURS-23.jpg 640w\" sizes=\"(max-width: 498px) 100vw, 498px\" \/><\/figure>\n<\/figure>\n","protected":false},"excerpt":{"rendered":"<p>La salle campeurs pour tous, qui permet de ce r\u00e9unir, pour c\u00e9l\u00e9brer un \u00e9v\u00e9nement ou faire des activit\u00e9s, c&rsquo;est \u00e9galement un espace de Wi-Fi gratuit, mais \u00e9galement un endroit o\u00f9 se mettre \u00e0 l&rsquo;abri en cas de forte pluie.Table de ping-pong \u00e0 disposition<\/p>\n","protected":false},"author":2,"featured_media":0,"parent":0,"menu_order":0,"comment_status":"closed","ping_status":"closed","template":"fullwidth-template.php","meta":[],"_links":{"self":[{"href":"https:\/\/www.campingmontdesbruyeres.com\/index.php?rest_route=\/wp\/v2\/pages\/1079"}],"collection":[{"href":"https:\/\/www.campingmontdesbruyeres.com\/index.php?rest_route=\/wp\/v2\/pages"}],"about":[{"href":"https:\/\/www.campingmontdesbruyeres.com\/index.php?rest_route=\/wp\/v2\/types\/page"}],"author":[{"embeddable":true,"href":"https:\/\/www.campingmontdesbruyeres.com\/index.php?rest_route=\/wp\/v2\/users\/2"}],"replies":[{"embeddable":true,"href":"https:\/\/www.campingmontdesbruyeres.com\/index.php?rest_route=%2Fwp%2Fv2%2Fcomments&post=1079"}],"version-history":[{"count":5,"href":"https:\/\/www.campingmontdesbruyeres.com\/index.php?rest_route=\/wp\/v2\/pages\/1079\/revisions"}],"predecessor-version":[{"id":1253,"href":"https:\/\/www.campingmontdesbruyeres.com\/index.php?rest_route=\/wp\/v2\/pages\/1079\/revisions\/1253"}],"wp:attachment":[{"href":"https:\/\/www.campingmontdesbruyeres.com\/index.php?rest_route=%2Fwp%2Fv2%2Fmedia&parent=1079"}],"curies":[{"name":"wp","href":"https:\/\/api.w.org\/{rel}","templated":true}]}}